-7) - 5703)?
0
Suppose -10*j + 11*j - 126920 = -37*j. What is the hundreds digit of j?
3
Suppose 3*u - 6 = 5*w, -3*w - 2*w + 15 = 0. Let s(z) = -29*z - 5. Let n be s(u). Let g = n - -352. What is the units digit of g?
4
Suppose -3*o + 5*x = -4*o - 345, 0 = -5*o - 4*x - 1830. Let t = -165 - o. What is the tens digit of t?
0
Suppose -28*q + 12297 = -13183. What is the hundreds digit of 20/q*13 - 9824/(-14)?
7
What is the ten thousands digit of ((-1967)/(-2))/((182/(-532))/(-13))?
3
Let p(z) = 23*z**2 - 5*z - 12. Let r be p(-9). Suppose -r + 5271 = -5*x. What is the tens digit of x/18*12/(-5)?
9
Suppose 2*n + 2 = -4*p + 5*p, -p = -4*n - 2. Suppose -3*i - 4*v - 493 = 0, n = 4*i + 5*v - 6*v + 689. What is the units digit of (3 + 40/(-12))*i?
7
Suppose 395*z = 392*z + t + 42298, -5*z - 5*t = -70530. What is the units digit of z?
1
What is the ten thousands digit of 17593 - (5 - (72/(-120) - 2/5))?
1
Let w be -11 - (9 + -8 - 9). What is the tens digit of 275 + (-2 - w) - (13 - 13)?
7
Suppose 0 = -v - 265 - 392. Let g = v + 1057. Suppose 152 = 8*m - g. What is the units digit of m?
9
Let p(n) = 235*n**2 - 7*n - 164. What is the hundreds digit of p(-6)?
3
Suppose -240*t + 235*t - 9336 = -3*n, 3112 = n - t. What is the hundreds digit of n?
1
Suppose -107*z = -156*z + 2244935. What is the hundreds digit of z?
8
Suppose r + 5281 = -u + 2*u, -5*u - r + 26441 = 0. What is the hundreds digit of u?
2
Suppose -3060311 = -416*u + 369*u. What is the ten thousands digit of u?
6
Suppose 57*j - 7015 - 199427 = 37290. What is the tens digit of j?
7
Let g = 112 - 86. Suppose g*q + 1862 = 33*q. What is the tens digit of q?
6
Let f be 91*1 + -6 + (-18)/(-3). Let x(u) = 3*u**2 - 36*u - 4*u**2 + 56 + f + 31*u. What is the units digit of x(0)?
7
Suppose -33 = -r + 266. Let g(q) = 170*q + 4. Let t be g(0). Suppose 95 = -t*z + r. What is the units digit of z?
1
Let d(q) = -16*q**2 - 2*q - 1. Let j be d(2). Suppose 32*r + 25*r = -7296. Let m = j - r. What is the tens digit of m?
5
Let f = 121 - 26. Let x = 674 + f. What is the tens digit of x?
6
Let c be ((-129)/(-2))/((-36)/(-72)). Suppose 3*a - c = 132. What is the tens digit of a?
8
Let h(s) = s**3 + 4*s**2 + 3*s + 3. Let m be h(-3). Let l be m/2*32/24. What is the tens digit of ((-46)/(-3))/(l/3)?
2
Suppose -5*f = -2*n - 5, 0 = -5*f - 2*n - 2*n + 35. Suppose 4*o - 1252 = -2*y, o + f*y - 73 = 230. What is the tens digit of o?
1
Let p = -33 + 51. Suppose p = -58*y + 55*y. What is the tens digit of (-3)/(-2)*(0 - 344/y)?
8
Let x(a) = a**2 - a - 15. Let s be x(0). What is the tens digit of -6*(-282)/(-15)*s/9?
8
Let u(a) = 11*a**2 - 8*a + 12. Let o(h) = h**3 + 13*h**2 + 14*h + 29. Let g be o(-12). What is the units digit of u(g)?
7
Suppose 0 = -i - 2*s + 319 + 62, -5*i - 4*s + 1923 = 0. What is the tens digit of i?
8
Suppose -37*v + 77 = -34. Suppose -10*h = -z - 14*h + 208, -v*z + 5*h + 658 = 0. What is the units digit of z?
6
Let q(c) be the first derivative of 27*c**2 + 10*c - 3. Let a(s) = s**2 - 15*s + 46. Let w be a(11). What is the units digit of q(w)?
8
Suppose -3*j + 3*h = -2*j + 19, 4*h = 2*j + 28. Let i(r) = -29*r - 1. Let o(k) = 29*k + 1. Let y(n) = j*i(n) - 5*o(n). What is the hundreds digit of y(-4)?
1
Suppose 0 = 27*t - 26*t - 16. Suppose -5796 = 12*p - t*p. What is the thousands digit of p?
1
Let l(s) = -s**3 + 22*s**2 + 3*s - 17. Let k be l(22). Let t = k - 34. Let n = 18 + t. What is the units digit of n?
3
Let l = -82 + 122. Let n = l - 53. Let o(h) = -h**3 - 14*h**2 - 14*h + 14. What is the tens digit of o(n)?
2
What is the hundreds digit of (-616)/231 - (-16552)/6?
7
Let z = -164 - -319. Let x = z - 92. Let s = x + -4. What is the tens digit of s?
5
Let l = 156 + -166. What is the units digit of (-1)/(-6)*(-7065)/l*4?
1
Let d(b) = -b**2 - 21*b - 112. Let t be d(-11). What is the tens digit of 88 - (t/6)/((-3)/27)?
8
Let p be 1 - 7/(-2)*-8. Let u(o) = -o**2 + 23*o + 225. Let d be u(-6). Let b = p + d. What is the tens digit of b?
2
Let v(x) = 5*x**2 - 148*x + 4071. What is the hundreds digit of v(30)?
1
Suppose 0*b + 14*b = 434. Suppose -b - 1 = -8*y. Suppose y*k = 4*f + 140, -3*f = k - f - 32. What is the tens digit of k?
3
Let t be (-2)/(-6) - -5 - (-1)/(-3). Suppose 0 = 3*k + t*p - 2075, -2*p + 0*p = 4*k - 2790. What is the tens digit of k?
0
Let c = -5494 - -7964. What is the thousands digit of c?
2
Let w(h) = -11*h**3 + 41*h**2 + 386*h - 19. What is the units digit of w(-8)?
9
Suppose 0 = -5*n + 8 - 33, 3*n - 5186 = -a. What is the thousands digit of a?
5
Let x(y) = -y**2 + 24*y + 105. Let t be x(27). Suppose 0 = -30*k + t*k + 2052. What is the units digit of k?
2
Suppose 81996 = -4*r + 16*r. What is the hundreds digit of r?
8
Suppose 0 = 7*t - 36789 - 4441. Suppose 3*b = 5*c + t, 5*c - 3910 = 15*b - 17*b. What is the hundreds digit of b?
9
Suppose -39*f + 1448748 + 1086608 = 937175. What is the hundreds digit of f?
9
What is the ten thousands digit of 10/110 + 446784/33?
1
Let x = 512 + 1911. Suppose -2*l + 1831 = -3*m, -x = 7*m - 3*m + l. Let h = 857 + m. What is the hundreds digit of h?
2
Let h(n) = 24*n + 22. Let p = -104 - -104. Suppose p = -14*o + 10*o + 20. What is the tens digit of h(o)?
4
Let p be (-6 - (-34)/6) + (-830)/(-6). Suppose 5*g - p = -2*a + 3*g, a - g = 71. Suppose 174 = -a*n + 71*n. What is the tens digit of n?
7
Suppose 3*s = -4*g + 2125, 5*s = 7*s + g - 1405. What is the tens digit of s?
9
Suppose 0 = 29*w - 26*w - 16026. Suppose 2*m - 7*m = -q - w, 3*m = q + 3206. What is the thousands digit of m?
1
Let a = -21 - -23. Suppose 5*t = -a*q - q + 223, -5*q + 376 = 4*t. Suppose 3*u + j + j = q, 44 = 2*u + 3*j. What is the units digit of u?
8
Suppose 3604 = 4*m - 5*a, 5*a + 1802 = 2*m + 2*a. Let h = m - -13. What is the tens digit of h?
1
Suppose 218*w - 967663 = 3000155. What is the hundreds digit of w?
2
Suppose 0 = 5*y + 4*y - 2745. Suppose 4*f + 103 = -y. What is the tens digit of -21*f/9 + 1?
3
Suppose 1744 = 3*b + 4*d, 4*d = -b + 5*b - 2288. What is the units digit of b?
6
Suppose -l - 5*i + i = 20, -24 = 4*l + 2*i. Let t be -4*(1/l - 1). Suppose -t*h = -h - 56. What is the tens digit of h?
1
What is the tens digit of (-1890)/(-810) - (-185116)/6?
5
Suppose 0 = -18*u - 300 + 84. What is the units digit of ((-12)/(-4) - -42) + u/3?
1
Suppose 2151345 = 145*g - 5569760. What is the hundreds digit of g?
2
Suppose 4*k - 2*o - 16 = 42, 5*k - 74 = 2*o. Let l = 20 - k. Suppose -l*r + 5*b = -160, 0*r + 3*r = 3*b + 117. What is the units digit of r?
5
Let x = -20312 - -37868. What is the units digit of x?
6
Let b(r) be the second derivative of -4*r**3/3 - 16*r**2 + 14*r. Let l be b(-15). Suppose 8*y = 408 - l. What is the tens digit of y?
4
Suppose 3*k - 48315 = -3*c, 153*k + 32218 = 2*c + 151*k. What is the thousands digit of c?
6
Suppose -4*c = 4*h + 8, c = -2*h + 4*h - 5. What is the units digit of ((-1)/(h - 3))/(2/24)?
6
Let p(r) = -920*r + 455. What is the thousands digit of p(-9)?
8
Let j(y) be the first derivative of y**4/2 - 4*y**3 + 21*y**2/2 - 121*y - 189. What is the units digit of j(10)?
9
Let h(w) = w**2 - 4*w + 6. Let d be h(2). Suppose d = g + 2*k, -5*k + 6*k - 19 = -5*g. What is the units digit of g + -2 + 51 - -3?
6
Let v(b) = 48 - 34 + 37 - 91*b + 18 + 46. What is the units digit of v(-12)?
7
Let j = 887 - 1651. What is the tens digit of j/3*(44/8 + -7)?
8
Let y = 16123 + -8611. Suppose 0 = -182*m + 190*m - y. What is the hundreds digit of m?
9
Let j = 132 - 128. Suppose q - 313 = -2*g, j*q = g + 514 + 774. What is the hundreds digit of q?
3
Let r(c) = 10*c**2 + 169*c + 61. What is the tens digit of r(-33)?
7
Let j(m) = -32*m + 1. Let i be j(1). Let y be -1 - i - (-15 - -11). Let z = y - 32. What is the units digit of z?
2
Let z(i) = -129*i + 689. What is the units digit of z(-60)?
9
Let a = 1877 - 3044. Let n = 1678 + a. What is the units digit of n?
1
Let k = 26522 + -4635. What is the ten thousands digit of k?
2
Let t(f) = -77*f**2 + 8*f - 22. Let d(g) = g**2 + 2. Let o(c) = -6*d(c) - t(c). What is the tens digit of o(2)?
7
Let l = 41 - 39. Suppose q - 44 = -l*q - 4*k, 5*q - 62 = -k. Let w(r) = -r**3 + 12*r**2 + 16*r - 6. What is the units digit of w(q)?
6
Let a(g) = -g - 9. Let q(h) = h**2 - 9*h + 10. Let y be q(5). Let c be a(y). What is the tens digit of c/